{"id":226,"date":"2022-08-21T11:40:52","date_gmt":"2022-08-21T11:40:52","guid":{"rendered":"https:\/\/maryyacht.hu\/?page_id=226"},"modified":"2022-08-21T11:40:52","modified_gmt":"2022-08-21T11:40:52","slug":"yacht-mary","status":"publish","type":"page","link":"https:\/\/maryyacht.hu\/index.php\/en\/yacht-mary\/","title":{"rendered":"Yacht Mary"},"content":{"rendered":"<h1>Yacht mary \u2013 luxury at affordable prices<\/h1>\n<p>&nbsp;<\/p>\n<p>Our company&#8217;s primary activity is the rental and operation of the delightful Yacht Mary. Our yacht is equipped with all the extra equipment which will ensure that our guests can enjoy the comfort and the unique experience of the yacht from a few hours to a whole day.<\/p>\n<p>Mary is a Marino Palmo Fly33 type of yacht with 2\u00d7230 horsepower, and it has a length of 10.70 meters and a beam of 3.40 metres. Its top speed is an incredible 35 knots (about 70 km\/h), which can be experienced on request, you just need to ask it from the skipper. The aim is that everyone enjoys the trip. Up to 12 guests and 2 crew members can be accommodated on board, so it could be the perfect location for a bachelor or a bachelorette party.<\/p>\n<p>We can answer your questions at the contact details provided in the <a href=\"https:\/\/maryyacht.hu\/index.php\/en\/contact\/\">contact<\/a> menu, or click on <a href=\"https:\/\/maryyacht.hu\/index.php\/en\/frequently-asked-questions\/\"> to the FAQ menu<\/a> where we have summarized the main things to know! And for the latest information, follow us on <a href=\"https:\/\/www.facebook.com\/YachtMary\" target=\"_blank\" rel=\"noopener\">facebook!<\/a><\/p>\n<p>The Yacht Mary Team wishes you good sailing!<\/p>\n","protected":false},"excerpt":{"rendered":"<p>Yacht mary \u2013 luxury at affordable prices &nbsp; Our company&#8217;s primary activity [&hellip;]<\/p>\n","protected":false},"author":1,"featured_media":0,"parent":0,"menu_order":0,"comment_status":"closed","ping_status":"closed","template":"","meta":{"footnotes":""},"class_list":["post-226","page","type-page","status-publish","hentry"],"yoast_head":"<!-- This site is optimized with the Yoast SEO plugin v19.6.1 - https:\/\/yoast.com\/wordpress\/plugins\/seo\/ -->\n<title>Yacht b\u00e9rl\u00e9s a dun\u00e1n - leg\u00e9ny \u00e9s l\u00e1ny b\u00facs\u00fa - Mary Yacht - Yacht Mary<\/title>\n<meta name=\"description\" content=\"Szeretn\u00e9l egy feledhetetlen \u00e9lm\u00e9nyt \u00e1t\u00e9lni a bar\u00e1tokkal? L\u00e1nyk\u00e9r\u00e9s? L\u00e1nyb\u00facs\u00fa? Leg\u00e9nyb\u00facs\u00fa? Csapat\u00e9p\u00edt\u00e9s? Haj\u00f3 b\u00e9rl\u00e9s a dun\u00e1n!\" \/>\n<meta name=\"robots\" content=\"index, follow, max-snippet:-1, max-image-preview:large, max-video-preview:-1\" \/>\n<link rel=\"canonical\" href=\"https:\/\/maryyacht.hu\/index.php\/en\/yacht-mary\/\" \/>\n<meta property=\"og:locale\" content=\"hu_HU\" \/>\n<meta property=\"og:type\" content=\"article\" \/>\n<meta property=\"og:title\" content=\"Yacht b\u00e9rl\u00e9s a dun\u00e1n - leg\u00e9ny \u00e9s l\u00e1ny b\u00facs\u00fa - Mary Yacht - Yacht Mary\" \/>\n<meta property=\"og:description\" content=\"Szeretn\u00e9l egy feledhetetlen \u00e9lm\u00e9nyt \u00e1t\u00e9lni a bar\u00e1tokkal? L\u00e1nyk\u00e9r\u00e9s? L\u00e1nyb\u00facs\u00fa? Leg\u00e9nyb\u00facs\u00fa? Csapat\u00e9p\u00edt\u00e9s? Haj\u00f3 b\u00e9rl\u00e9s a dun\u00e1n!\" \/>\n<meta property=\"og:url\" content=\"https:\/\/maryyacht.hu\/index.php\/en\/yacht-mary\/\" \/>\n<meta property=\"og:site_name\" content=\"Mary Yacht\" \/>\n<meta name=\"twitter:card\" content=\"summary_large_image\" \/>\n<script type=\"application\/ld+json\" class=\"yoast-schema-graph\">{\"@context\":\"https:\/\/schema.org\",\"@graph\":[{\"@type\":\"WebPage\",\"@id\":\"https:\/\/maryyacht.hu\/index.php\/en\/yacht-mary\/\",\"url\":\"https:\/\/maryyacht.hu\/index.php\/en\/yacht-mary\/\",\"name\":\"Yacht b\u00e9rl\u00e9s a dun\u00e1n - leg\u00e9ny \u00e9s l\u00e1ny b\u00facs\u00fa - Mary Yacht - Yacht Mary\",\"isPartOf\":{\"@id\":\"https:\/\/maryyacht.hu\/#website\"},\"datePublished\":\"2022-08-21T11:40:52+00:00\",\"dateModified\":\"2022-08-21T11:40:52+00:00\",\"description\":\"Szeretn\u00e9l egy feledhetetlen \u00e9lm\u00e9nyt \u00e1t\u00e9lni a bar\u00e1tokkal? L\u00e1nyk\u00e9r\u00e9s? L\u00e1nyb\u00facs\u00fa? Leg\u00e9nyb\u00facs\u00fa? Csapat\u00e9p\u00edt\u00e9s? Haj\u00f3 b\u00e9rl\u00e9s a dun\u00e1n!\",\"breadcrumb\":{\"@id\":\"https:\/\/maryyacht.hu\/index.php\/en\/yacht-mary\/#breadcrumb\"},\"inLanguage\":\"hu\",\"potentialAction\":[{\"@type\":\"ReadAction\",\"target\":[\"https:\/\/maryyacht.hu\/index.php\/en\/yacht-mary\/\"]}]},{\"@type\":\"BreadcrumbList\",\"@id\":\"https:\/\/maryyacht.hu\/index.php\/en\/yacht-mary\/#breadcrumb\",\"itemListElement\":[{\"@type\":\"ListItem\",\"position\":1,\"name\":\"Kezd\u0151lap\",\"item\":\"https:\/\/maryyacht.hu\/\"},{\"@type\":\"ListItem\",\"position\":2,\"name\":\"Yacht Mary\"}]},{\"@type\":\"WebSite\",\"@id\":\"https:\/\/maryyacht.hu\/#website\",\"url\":\"https:\/\/maryyacht.hu\/\",\"name\":\"Mary Yacht\",\"description\":\"Yacht b\u00e9rl\u00e9s\",\"potentialAction\":[{\"@type\":\"SearchAction\",\"target\":{\"@type\":\"EntryPoint\",\"urlTemplate\":\"https:\/\/maryyacht.hu\/?s={search_term_string}\"},\"query-input\":\"required name=search_term_string\"}],\"inLanguage\":\"hu\"}]}<\/script>\n<!-- \/ Yoast SEO plugin. -->","yoast_head_json":{"title":"Yacht b\u00e9rl\u00e9s a dun\u00e1n - leg\u00e9ny \u00e9s l\u00e1ny b\u00facs\u00fa - Mary Yacht - Yacht Mary","description":"Szeretn\u00e9l egy feledhetetlen \u00e9lm\u00e9nyt \u00e1t\u00e9lni a bar\u00e1tokkal? L\u00e1nyk\u00e9r\u00e9s? L\u00e1nyb\u00facs\u00fa? Leg\u00e9nyb\u00facs\u00fa? Csapat\u00e9p\u00edt\u00e9s? Haj\u00f3 b\u00e9rl\u00e9s a dun\u00e1n!","robots":{"index":"index","follow":"follow","max-snippet":"max-snippet:-1","max-image-preview":"max-image-preview:large","max-video-preview":"max-video-preview:-1"},"canonical":"https:\/\/maryyacht.hu\/index.php\/en\/yacht-mary\/","og_locale":"hu_HU","og_type":"article","og_title":"Yacht b\u00e9rl\u00e9s a dun\u00e1n - leg\u00e9ny \u00e9s l\u00e1ny b\u00facs\u00fa - Mary Yacht - Yacht Mary","og_description":"Szeretn\u00e9l egy feledhetetlen \u00e9lm\u00e9nyt \u00e1t\u00e9lni a bar\u00e1tokkal? L\u00e1nyk\u00e9r\u00e9s? L\u00e1nyb\u00facs\u00fa? Leg\u00e9nyb\u00facs\u00fa? Csapat\u00e9p\u00edt\u00e9s? Haj\u00f3 b\u00e9rl\u00e9s a dun\u00e1n!","og_url":"https:\/\/maryyacht.hu\/index.php\/en\/yacht-mary\/","og_site_name":"Mary Yacht","twitter_card":"summary_large_image","schema":{"@context":"https:\/\/schema.org","@graph":[{"@type":"WebPage","@id":"https:\/\/maryyacht.hu\/index.php\/en\/yacht-mary\/","url":"https:\/\/maryyacht.hu\/index.php\/en\/yacht-mary\/","name":"Yacht b\u00e9rl\u00e9s a dun\u00e1n - leg\u00e9ny \u00e9s l\u00e1ny b\u00facs\u00fa - Mary Yacht - Yacht Mary","isPartOf":{"@id":"https:\/\/maryyacht.hu\/#website"},"datePublished":"2022-08-21T11:40:52+00:00","dateModified":"2022-08-21T11:40:52+00:00","description":"Szeretn\u00e9l egy feledhetetlen \u00e9lm\u00e9nyt \u00e1t\u00e9lni a bar\u00e1tokkal? L\u00e1nyk\u00e9r\u00e9s? L\u00e1nyb\u00facs\u00fa? Leg\u00e9nyb\u00facs\u00fa? Csapat\u00e9p\u00edt\u00e9s? Haj\u00f3 b\u00e9rl\u00e9s a dun\u00e1n!","breadcrumb":{"@id":"https:\/\/maryyacht.hu\/index.php\/en\/yacht-mary\/#breadcrumb"},"inLanguage":"hu","potentialAction":[{"@type":"ReadAction","target":["https:\/\/maryyacht.hu\/index.php\/en\/yacht-mary\/"]}]},{"@type":"BreadcrumbList","@id":"https:\/\/maryyacht.hu\/index.php\/en\/yacht-mary\/#breadcrumb","itemListElement":[{"@type":"ListItem","position":1,"name":"Kezd\u0151lap","item":"https:\/\/maryyacht.hu\/"},{"@type":"ListItem","position":2,"name":"Yacht Mary"}]},{"@type":"WebSite","@id":"https:\/\/maryyacht.hu\/#website","url":"https:\/\/maryyacht.hu\/","name":"Mary Yacht","description":"Yacht b\u00e9rl\u00e9s","potentialAction":[{"@type":"SearchAction","target":{"@type":"EntryPoint","urlTemplate":"https:\/\/maryyacht.hu\/?s={search_term_string}"},"query-input":"required name=search_term_string"}],"inLanguage":"hu"}]}},"_links":{"self":[{"href":"https:\/\/maryyacht.hu\/index.php\/wp-json\/wp\/v2\/pages\/226"}],"collection":[{"href":"https:\/\/maryyacht.hu\/index.php\/wp-json\/wp\/v2\/pages"}],"about":[{"href":"https:\/\/maryyacht.hu\/index.php\/wp-json\/wp\/v2\/types\/page"}],"author":[{"embeddable":true,"href":"https:\/\/maryyacht.hu\/index.php\/wp-json\/wp\/v2\/users\/1"}],"replies":[{"embeddable":true,"href":"https:\/\/maryyacht.hu\/index.php\/wp-json\/wp\/v2\/comments?post=226"}],"version-history":[{"count":1,"href":"https:\/\/maryyacht.hu\/index.php\/wp-json\/wp\/v2\/pages\/226\/revisions"}],"predecessor-version":[{"id":227,"href":"https:\/\/maryyacht.hu\/index.php\/wp-json\/wp\/v2\/pages\/226\/revisions\/227"}],"wp:attachment":[{"href":"https:\/\/maryyacht.hu\/index.php\/wp-json\/wp\/v2\/media?parent=226"}],"curies":[{"name":"wp","href":"https:\/\/api.w.org\/{rel}","templated":true}]}}