{"id":82,"date":"2022-06-09T09:43:40","date_gmt":"2022-06-09T09:43:40","guid":{"rendered":"https:\/\/maryyacht.hu\/?page_id=82"},"modified":"2023-05-24T07:38:46","modified_gmt":"2023-05-24T07:38:46","slug":"yacht-berles-a-dunan-legenybucsu-lanybucsu-lanykeres-csapatepites-arak","status":"publish","type":"page","link":"https:\/\/maryyacht.hu\/index.php\/yacht-berles-a-dunan-legenybucsu-lanybucsu-lanykeres-csapatepites-arak\/","title":{"rendered":"Csomagjaink"},"content":{"rendered":"<h3><a href=\"https:\/\/maryyacht.hu\/wp-content\/uploads\/2023\/05\/mary_kiajanlo_23_lakossagi.pdf\" target=\"_blank\" rel=\"noopener\">Kattints ide \u00e9s tudj meg t\u00f6bbet Maryr\u0151l!<\/a><\/h3>\n<p>&nbsp;<\/p>\n<h5 dir=\"ltr\">Minden csomagunk tartalmazza az al\u00e1bbiakat:<\/h5>\n<p dir=\"ltr\"><strong>Welcome drink<\/strong> (pezsg\u0151 \u00e9s\/vagy narancsl\u00e9, \u00fcd\u00edt\u0151) &amp; <strong>s\u00f3s r\u00e1gcs\u00e1lnival\u00f3.<\/strong><\/p>\n<p>&nbsp;<\/p>\n<h2 dir=\"ltr\">\u00c9jszakai v\u00e1rosn\u00e9z\u00e9s<\/h2>\n<table class=\"dcf-table dcf-table-responsive dcf-table-bordered dcf-table-striped dcf-w-100%\">\n<thead>\n<tr>\n<th class=\"dcf-txt-center\" scope=\"col\">Id\u0151tartam<\/th>\n<th class=\"dcf-txt-center\" scope=\"col\">F\u00e9l \u00f3ra<\/th>\n<th class=\"dcf-txt-center\" scope=\"col\">Egy \u00f3ra<\/th>\n<\/tr>\n<\/thead>\n<tbody>\n<tr>\n<th class=\"dcf-txt-center\" scope=\"row\">\u00c1r<\/th>\n<td class=\"dcf-txt-center\" data-label=\"F\u00e9l \u00f3ra\">100.000 Ft<\/td>\n<td class=\"dcf-txt-center\" data-label=\"Egy \u00f3ra\">120.000 Ft<\/td>\n<\/tr>\n<\/tbody>\n<\/table>\n<p dir=\"ltr\">+ sajt t\u00e1l vagy gy\u00fcm\u00f6lcst\u00e1l bek\u00e9sz\u00edt\u00e9s<\/p>\n<p dir=\"ltr\"><strong>Kinek aj\u00e1nljuk:<\/strong> Ha szeretn\u00e9d megcsod\u00e1lni budapestet \u00fagy ahogy m\u00e9g nem l\u00e1ttad, itt a lehet\u0151s\u00e9g. Gyory sz\u00e1guld\u00e1s vagy kellemes v\u00e1rosn\u00e9z\u00e9s? Ti d\u00f6ntitek el!<\/p>\n<p>&nbsp;<\/p>\n<p>&nbsp;<\/p>\n<h2 dir=\"ltr\">Csal\u00e1di yachtoz\u00e1s (2 feln\u0151tt \u00e9s max. 3 gyerek)<\/h2>\n<table class=\"dcf-table dcf-table-responsive dcf-table-bordered dcf-table-striped dcf-w-100%\">\n<thead>\n<tr>\n<th class=\"dcf-txt-center\" scope=\"col\">Id\u0151tartam<\/th>\n<th class=\"dcf-txt-center\" scope=\"col\">Egy \u00f3ra<\/th>\n<\/tr>\n<\/thead>\n<tbody>\n<tr>\n<th class=\"dcf-txt-center\" scope=\"row\">\u00c1r<\/th>\n<td class=\"dcf-txt-center\" data-label=\"Egy \u00f3ra\">120.000 Ft<\/td>\n<\/tr>\n<\/tbody>\n<\/table>\n<p dir=\"ltr\">+ Extra nasik<\/p>\n<p dir=\"ltr\">+ Meglepet\u00e9s \u00e9dess\u00e9gek<\/p>\n<p dir=\"ltr\"><strong>V\u00e1laszthat\u00f3 \u00fatic\u00e9lok:<\/strong><\/p>\n<p dir=\"ltr\">Szentendrei l\u00e1togat\u00e1s &#8211; fagyiz\u00e1ssal egybek\u00f6tve<\/p>\n<p dir=\"ltr\">A Margit-sziget megker\u00fcl\u00e9se plusz v\u00e1rosn\u00e9z\u00e9s<\/p>\n<p dir=\"ltr\"><strong>Kinek aj\u00e1nljuk:<\/strong> Csal\u00e1dok sz\u00e1m\u00e1ra ide\u00e1lis program. \u00d6r\u00f6k \u00e9lm\u00e9ny az eg\u00e9sz csal\u00e1d sz\u00e1m\u00e1ra. Az \u00fatvonal v\u00e1laszthat\u00f3 az \u00e9lm\u00e9ny garant\u00e1lt.<\/p>\n<p>&nbsp;<\/p>\n<p>&nbsp;<\/p>\n<h2 dir=\"ltr\">Yacht B\u00e9rl\u00e9s szabadon v\u00e1lasztott utic\u00e9llal<\/h2>\n<table class=\"dcf-table dcf-table-responsive dcf-table-bordered dcf-table-striped dcf-w-100%\">\n<thead>\n<tr>\n<th class=\"dcf-txt-center\" scope=\"col\">Id\u0151tartam<\/th>\n<th class=\"dcf-txt-center\" scope=\"col\">Egy \u00f3ra<\/th>\n<\/tr>\n<\/thead>\n<tbody>\n<tr>\n<th class=\"dcf-txt-center\" scope=\"row\">\u00c1r<\/th>\n<td class=\"dcf-txt-center\" data-label=\"Egy \u00f3ra\">120.000 Ft<\/td>\n<\/tr>\n<\/tbody>\n<\/table>\n<p dir=\"ltr\">V\u00e1rakoz\u00e1si id\u0151 kik\u00f6t\u00e9s eset\u00e9n &#8211; 15.000 ft \/ 30 perc<\/p>\n<p dir=\"ltr\"><strong>Kinek aj\u00e1nljuk:<\/strong> Leg\u00e9nyb\u00facs\u00fa, l\u00e1nyb\u00facs\u00fa, l\u00e1nyk\u00e9r\u00e9s? Mi adjuk a helysz\u00ednt, a t\u00f6bbi rajtad \u00e1ll! Itt lehet\u0151s\u00e9g van vad sz\u00e1guld\u00e1sra, vagy lass\u00fa haj\u00f3k\u00e1z\u00e1sra.<\/p>\n<p dir=\"ltr\"><strong>A haj\u00f3 oda megy ahova k\u00e9ritek, a zen\u00e9t ti v\u00e1lasztj\u00e1tok, egysz\u00f3val ti lesztek a haj\u00f3 kapit\u00e1nyai a b\u00e9rl\u00e9s ideje alatt.<\/strong><\/p>\n<p>&nbsp;<\/p>\n<p><strong>Ha nem tal\u00e1ltad meg amit keresel a csomagjaink k\u00f6z\u00f6tt, keress fel minket \u00e9s biztosan kialak\u00edtunk egy sz\u00e1modra, sz\u00e1motokra kedvez\u0151 aj\u00e1nlatot.<\/strong><\/p>\n","protected":false},"excerpt":{"rendered":"<p>Kattints ide \u00e9s tudj meg t\u00f6bbet Maryr\u0151l! &nbsp; Minden csomagunk tartalmazza az [&hellip;]<\/p>\n","protected":false},"author":1,"featured_media":0,"parent":0,"menu_order":0,"comment_status":"closed","ping_status":"closed","template":"","meta":{"footnotes":""},"class_list":["post-82","page","type-page","status-publish","hentry"],"yoast_head":"<!-- This site is optimized with the Yoast SEO plugin v19.6.1 - https:\/\/yoast.com\/wordpress\/plugins\/seo\/ -->\n<title>Yacht b\u00e9rl\u00e9s a dun\u00e1n - Csomagjaink - Mary Yacht<\/title>\n<meta name=\"description\" content=\"Szeretn\u00e9l egy feledhetetlen \u00e9lm\u00e9nyt \u00e1t\u00e9lni a bar\u00e1tokkal? L\u00e1nyk\u00e9r\u00e9s? L\u00e1nyb\u00facs\u00fa? Leg\u00e9nyb\u00facs\u00fa?Haj\u00f3 b\u00e9rl\u00e9s a dun\u00e1n! Tekintsd meg csomagjainkat.\" \/>\n<meta name=\"robots\" content=\"index, follow, max-snippet:-1, max-image-preview:large, max-video-preview:-1\" \/>\n<link rel=\"canonical\" href=\"https:\/\/maryyacht.hu\/index.php\/yacht-berles-a-dunan-legenybucsu-lanybucsu-lanykeres-csapatepites-arak\/\" \/>\n<meta property=\"og:locale\" content=\"hu_HU\" \/>\n<meta property=\"og:type\" content=\"article\" \/>\n<meta property=\"og:title\" content=\"Yacht b\u00e9rl\u00e9s a dun\u00e1n - Csomagjaink - Mary Yacht\" \/>\n<meta property=\"og:description\" content=\"Szeretn\u00e9l egy feledhetetlen \u00e9lm\u00e9nyt \u00e1t\u00e9lni a bar\u00e1tokkal? L\u00e1nyk\u00e9r\u00e9s? L\u00e1nyb\u00facs\u00fa? Leg\u00e9nyb\u00facs\u00fa?Haj\u00f3 b\u00e9rl\u00e9s a dun\u00e1n! Tekintsd meg csomagjainkat.\" \/>\n<meta property=\"og:url\" content=\"https:\/\/maryyacht.hu\/index.php\/yacht-berles-a-dunan-legenybucsu-lanybucsu-lanykeres-csapatepites-arak\/\" \/>\n<meta property=\"og:site_name\" content=\"Mary Yacht\" \/>\n<meta property=\"article:modified_time\" content=\"2023-05-24T07:38:46+00:00\" \/>\n<meta name=\"twitter:card\" content=\"summary_large_image\" \/>\n<meta name=\"twitter:label1\" content=\"Becs\u00fclt olvas\u00e1si id\u0151\" \/>\n\t<meta name=\"twitter:data1\" content=\"2 perc\" \/>\n<script type=\"application\/ld+json\" class=\"yoast-schema-graph\">{\"@context\":\"https:\/\/schema.org\",\"@graph\":[{\"@type\":\"WebPage\",\"@id\":\"https:\/\/maryyacht.hu\/index.php\/yacht-berles-a-dunan-legenybucsu-lanybucsu-lanykeres-csapatepites-arak\/\",\"url\":\"https:\/\/maryyacht.hu\/index.php\/yacht-berles-a-dunan-legenybucsu-lanybucsu-lanykeres-csapatepites-arak\/\",\"name\":\"Yacht b\u00e9rl\u00e9s a dun\u00e1n - Csomagjaink - Mary Yacht\",\"isPartOf\":{\"@id\":\"https:\/\/maryyacht.hu\/#website\"},\"datePublished\":\"2022-06-09T09:43:40+00:00\",\"dateModified\":\"2023-05-24T07:38:46+00:00\",\"description\":\"Szeretn\u00e9l egy feledhetetlen \u00e9lm\u00e9nyt \u00e1t\u00e9lni a bar\u00e1tokkal? L\u00e1nyk\u00e9r\u00e9s? L\u00e1nyb\u00facs\u00fa? Leg\u00e9nyb\u00facs\u00fa?Haj\u00f3 b\u00e9rl\u00e9s a dun\u00e1n! Tekintsd meg csomagjainkat.\",\"breadcrumb\":{\"@id\":\"https:\/\/maryyacht.hu\/index.php\/yacht-berles-a-dunan-legenybucsu-lanybucsu-lanykeres-csapatepites-arak\/#breadcrumb\"},\"inLanguage\":\"hu\",\"potentialAction\":[{\"@type\":\"ReadAction\",\"target\":[\"https:\/\/maryyacht.hu\/index.php\/yacht-berles-a-dunan-legenybucsu-lanybucsu-lanykeres-csapatepites-arak\/\"]}]},{\"@type\":\"BreadcrumbList\",\"@id\":\"https:\/\/maryyacht.hu\/index.php\/yacht-berles-a-dunan-legenybucsu-lanybucsu-lanykeres-csapatepites-arak\/#breadcrumb\",\"itemListElement\":[{\"@type\":\"ListItem\",\"position\":1,\"name\":\"Kezd\u0151lap\",\"item\":\"https:\/\/maryyacht.hu\/\"},{\"@type\":\"ListItem\",\"position\":2,\"name\":\"Csomagjaink\"}]},{\"@type\":\"WebSite\",\"@id\":\"https:\/\/maryyacht.hu\/#website\",\"url\":\"https:\/\/maryyacht.hu\/\",\"name\":\"Mary Yacht\",\"description\":\"Yacht b\u00e9rl\u00e9s\",\"potentialAction\":[{\"@type\":\"SearchAction\",\"target\":{\"@type\":\"EntryPoint\",\"urlTemplate\":\"https:\/\/maryyacht.hu\/?s={search_term_string}\"},\"query-input\":\"required name=search_term_string\"}],\"inLanguage\":\"hu\"}]}<\/script>\n<!-- \/ Yoast SEO plugin. -->","yoast_head_json":{"title":"Yacht b\u00e9rl\u00e9s a dun\u00e1n - Csomagjaink - Mary Yacht","description":"Szeretn\u00e9l egy feledhetetlen \u00e9lm\u00e9nyt \u00e1t\u00e9lni a bar\u00e1tokkal? L\u00e1nyk\u00e9r\u00e9s? L\u00e1nyb\u00facs\u00fa? Leg\u00e9nyb\u00facs\u00fa?Haj\u00f3 b\u00e9rl\u00e9s a dun\u00e1n! Tekintsd meg csomagjainkat.","robots":{"index":"index","follow":"follow","max-snippet":"max-snippet:-1","max-image-preview":"max-image-preview:large","max-video-preview":"max-video-preview:-1"},"canonical":"https:\/\/maryyacht.hu\/index.php\/yacht-berles-a-dunan-legenybucsu-lanybucsu-lanykeres-csapatepites-arak\/","og_locale":"hu_HU","og_type":"article","og_title":"Yacht b\u00e9rl\u00e9s a dun\u00e1n - Csomagjaink - Mary Yacht","og_description":"Szeretn\u00e9l egy feledhetetlen \u00e9lm\u00e9nyt \u00e1t\u00e9lni a bar\u00e1tokkal? L\u00e1nyk\u00e9r\u00e9s? L\u00e1nyb\u00facs\u00fa? Leg\u00e9nyb\u00facs\u00fa?Haj\u00f3 b\u00e9rl\u00e9s a dun\u00e1n! Tekintsd meg csomagjainkat.","og_url":"https:\/\/maryyacht.hu\/index.php\/yacht-berles-a-dunan-legenybucsu-lanybucsu-lanykeres-csapatepites-arak\/","og_site_name":"Mary Yacht","article_modified_time":"2023-05-24T07:38:46+00:00","twitter_card":"summary_large_image","twitter_misc":{"Becs\u00fclt olvas\u00e1si id\u0151":"2 perc"},"schema":{"@context":"https:\/\/schema.org","@graph":[{"@type":"WebPage","@id":"https:\/\/maryyacht.hu\/index.php\/yacht-berles-a-dunan-legenybucsu-lanybucsu-lanykeres-csapatepites-arak\/","url":"https:\/\/maryyacht.hu\/index.php\/yacht-berles-a-dunan-legenybucsu-lanybucsu-lanykeres-csapatepites-arak\/","name":"Yacht b\u00e9rl\u00e9s a dun\u00e1n - Csomagjaink - Mary Yacht","isPartOf":{"@id":"https:\/\/maryyacht.hu\/#website"},"datePublished":"2022-06-09T09:43:40+00:00","dateModified":"2023-05-24T07:38:46+00:00","description":"Szeretn\u00e9l egy feledhetetlen \u00e9lm\u00e9nyt \u00e1t\u00e9lni a bar\u00e1tokkal? L\u00e1nyk\u00e9r\u00e9s? L\u00e1nyb\u00facs\u00fa? Leg\u00e9nyb\u00facs\u00fa?Haj\u00f3 b\u00e9rl\u00e9s a dun\u00e1n! Tekintsd meg csomagjainkat.","breadcrumb":{"@id":"https:\/\/maryyacht.hu\/index.php\/yacht-berles-a-dunan-legenybucsu-lanybucsu-lanykeres-csapatepites-arak\/#breadcrumb"},"inLanguage":"hu","potentialAction":[{"@type":"ReadAction","target":["https:\/\/maryyacht.hu\/index.php\/yacht-berles-a-dunan-legenybucsu-lanybucsu-lanykeres-csapatepites-arak\/"]}]},{"@type":"BreadcrumbList","@id":"https:\/\/maryyacht.hu\/index.php\/yacht-berles-a-dunan-legenybucsu-lanybucsu-lanykeres-csapatepites-arak\/#breadcrumb","itemListElement":[{"@type":"ListItem","position":1,"name":"Kezd\u0151lap","item":"https:\/\/maryyacht.hu\/"},{"@type":"ListItem","position":2,"name":"Csomagjaink"}]},{"@type":"WebSite","@id":"https:\/\/maryyacht.hu\/#website","url":"https:\/\/maryyacht.hu\/","name":"Mary Yacht","description":"Yacht b\u00e9rl\u00e9s","potentialAction":[{"@type":"SearchAction","target":{"@type":"EntryPoint","urlTemplate":"https:\/\/maryyacht.hu\/?s={search_term_string}"},"query-input":"required name=search_term_string"}],"inLanguage":"hu"}]}},"_links":{"self":[{"href":"https:\/\/maryyacht.hu\/index.php\/wp-json\/wp\/v2\/pages\/82"}],"collection":[{"href":"https:\/\/maryyacht.hu\/index.php\/wp-json\/wp\/v2\/pages"}],"about":[{"href":"https:\/\/maryyacht.hu\/index.php\/wp-json\/wp\/v2\/types\/page"}],"author":[{"embeddable":true,"href":"https:\/\/maryyacht.hu\/index.php\/wp-json\/wp\/v2\/users\/1"}],"replies":[{"embeddable":true,"href":"https:\/\/maryyacht.hu\/index.php\/wp-json\/wp\/v2\/comments?post=82"}],"version-history":[{"count":17,"href":"https:\/\/maryyacht.hu\/index.php\/wp-json\/wp\/v2\/pages\/82\/revisions"}],"predecessor-version":[{"id":263,"href":"https:\/\/maryyacht.hu\/index.php\/wp-json\/wp\/v2\/pages\/82\/revisions\/263"}],"wp:attachment":[{"href":"https:\/\/maryyacht.hu\/index.php\/wp-json\/wp\/v2\/media?parent=82"}],"curies":[{"name":"wp","href":"https:\/\/api.w.org\/{rel}","templated":true}]}}